= -v*d - 33076. Is d a prime number?
True
Let p(d) = 136*d + 3. Let j be p(3). Is j*(-7)/(-3) + 0 a composite number?
True
Let k = 8953 - 3601. Suppose -k = -3*u - 2*h + 1639, 4654 = 2*u + 3*h. Is u composite?
False
Let y(i) be the second derivative of 9*i**5/10 - 3*i**4/4 + i**3 - 3*i**2 + i. Let l be y(7). Is (l/18)/((-1)/(-2)) a composite number?
False
Suppose 10897 = -3*b + 5*b + 3*r, b = 2*r + 5438. Suppose 3*m - 9 = 0, 3*m = 5*v + 6*m - b. Is v prime?
True
Let t = 23 - 8. Suppose -t = -3*z + 8*z, -2*k + 2*z = -372. Is k a composite number?
True
Suppose -9*l + 25 = -4*l. Suppose -3*n - 15672 = -15*n. Suppose 5*k + 2765 = l*c, -4*k - n + 208 = -2*c. Is c composite?
False
Suppose 0 = 4713*p - 4710*p - 55101. Is p composite?
False
Suppose 0 = 5*z - 0*z - 10. Suppose -2*q - z*q = 24. Let d(w) = -33*w - 7. Is d(q) a composite number?
False
Let k(s) = -4*s**3 + 4*s - 2. Let i(l) = -4*l**3 + 3*l - 1. Let h(w) = -3*i(w) + 2*k(w). Let t be h(-1). Is 2 - 232/(2 + t) a prime number?
False
Let h = 44007 - 19690. Is h a composite number?
False
Suppose 2*m = 2*p - 3500 - 14150, -5*p - 44085 = 5*m. Let a = m + 15344. Is a composite?
True
Let d = 3347 + 300. Is d prime?
False
Suppose 2*g - 2406 = 5228. Is g composite?
True
Suppose -3*u + 8040 = -15255. Is u prime?
False
Let a be 36/14*-12*35/(-45). Suppose -2*n - a + 362 = 0. Is n a composite number?
True
Suppose 4*k - k = 72. Let g = k - -50. Is g prime?
False
Let g = -44 - -14. Let z = -26 - g. Suppose z*x + 348 = 8*x. Is x composite?
True
Is (-1)/(-2*(-1)/2) - -1118 a prime number?
True
Let r(w) = -w + 14. Let t be r(8). Is 34769/21 + (-4)/t prime?
False
Let r be ((-6)/(-3) - 2)/(-1). Let c(t) = -t**2 - t + 1. Let j be c(r). Let a(o) = 340*o**3 - o**2. Is a(j) a prime number?
False
Let m(c) = 48*c - 59. Let u(n) = -47*n + 59. Let d(r) = 3*m(r) + 2*u(r). Is d(5) a prime number?
True
Let m = 107 - 101. Suppose m*t - 5066 = -1172. Is t composite?
True
Let i(r) = -r**3 + 9*r**2 + 9*r - 12. Let d be i(8). Let w(t) = t**3 + 7*t**2 - 10*t + 3. Let j be w(-9). Let z = j + d. Is z a prime number?
False
Let u be (-8)/(-4) + 6/(-4)*2. Let j(x) = 1197*x**2 + 5*x + 6. Is j(u) a composite number?
True
Let m be 1/7 - (-770)/98. Is (-10)/80 - (-10553)/m prime?
True
Suppose -2*v + 14 + 26 = 0. Suppose -4*p + 5*o + 3 + v = 0, -5*p + 4 = 2*o. Suppose 2*n - 78 = 2*d, 5*d = -0*n + p*n - 84. Is n a prime number?
True
Let o = 453 - 261. Let j = o + -7. Suppose -j = 3*u - 8*u. Is u prime?
True
Let a = 1 - 2. Let n be -2 - (3 - (7 - a)). Is (n - (-2)/(-1))*19 composite?
False
Let x(j) = 307*j**2 + 182*j + 4. Is x(-9) a composite number?
True
Let a be (4 + -8)/(2*-1). Let o be (-3 + 0 + a)*-2. Suppose -o*f + 109 = -73. Is f a composite number?
True
Let k(x) = 2*x + 24. Let b be k(-10). Suppose b*q + 190 = 1826. Is q composite?
False
Let m(n) be the first derivative of n**4/4 - n**3 - 9*n**2/2 - 6*n + 27. Suppose -o = 2*o + b - 21, 0 = 4*b. Is m(o) a prime number?
True
Suppose 5*k - 2523 = 2827. Suppose 30 = -3*d + 45. Suppose 802 = d*p - 2*p - u, 4*p - 2*u = k. Is p a composite number?
True
Let q = 1729 + 2598. Is q prime?
True
Suppose -16 = 26*h - 27*h. Suppose -16194 = -h*j - 1778. Is j a composite number?
True
Let c = -18 - -4. Let s(a) = -7*a**3 + 9*a**2 - 9*a + 3. Let t(d) = 9*d**3 - 8*d**2 + 9*d - 3. Let x(n) = -5*s(n) - 4*t(n). Is x(c) composite?
False
Let g(t) = 2*t + 3*t + 1 - 2 + 7*t. Let w be g(-6). Let c = w - -142. Is c a prime number?
False
Let c = -31 - -17. Let t = 16 + c. Suppose 2*p - 85 = -k, -t*p - p + 258 = 3*k. Is k a prime number?
False
Suppose 10 = -5*g, -3*r = -2*g - 937 - 672. Suppose -r = -l + 204. Is l a prime number?
True
Let c(d) = -5*d - 4. Let o be c(-2). Suppose -3*b + 5*j = -o*b + 1128, 0 = -3*b - 4*j + 1131. Is b a prime number?
False
Suppose -6*i = -3 + 27. Let j(w) be the first derivative of -w**4/2 + 2*w**3 + w**2 - 5*w - 2. Is j(i) prime?
True
Let n be (3 + -1)*(-5 + 13/2). Suppose -4*q + 20 = 0, -1473 = -n*l + 4*q + 796. Is l a prime number?
False
Let o be 102/(-8)*(33 + -9). Let f be ((-20)/6)/(2/o). Suppose -3*t = z - f, -2*t - 1563 = -z - 2*z. Is z prime?
False
Suppose -5*y = -13*y + 19040. Suppose 3*i = -5*q + y, i - 1518 = -5*q + 872. Is q prime?
True
Suppose -6*d - 12 = -4*d. Is (-1509)/(-6) - 1/d*-3 a prime number?
True
Is (-4)/10 + (-93988)/(-20) composite?
True
Let h(d) = d**3 - 4*d**2 - 4*d - 4. Let p be h(5). Is 3037*(p - 0)*1 a composite number?
False
Let u(w) = 2*w**2 + 13*w - 2. Let y(o) = 11*o**3 - o**2 + 1. Let p be y(-1). Is u(p) a composite number?
False
Suppose 41*h - 15*h - 114842 = 0. Is h a composite number?
True
Let l(w) = -1926*w - 23. Is l(-3) composite?
True
Suppose -2*r + 7 = 5*f - 1, 4 = r. Suppose f = 6*n - 22025 + 5111. Is n a composite number?
False
Suppose 3*k + 15*j = 10*j + 49836, k = -2*j + 16613. Is k a composite number?
False
Let h(o) = -6*o**2 - 12*o - 4. Let m(j) = -7*j**2 - 13*j - 5. Let g(r) = 6*h(r) - 5*m(r). Let w be g(-5). Is (-2)/w - (-4680)/88 prime?
True
Suppose -2*l + 0*l = -2. Let b(d) = 44*d**3 + d**2 + d - 1. Let q be b(l). Is 3033/q - (-4)/(-10) composite?
False
Let b(z) be the third derivative of z**5/12 - z**4/4 + 4*z**3/3 + 2*z**2. Suppose 4*w = 5*v + 31, -3*v + 6 = w - 6*v. Is b(w) a composite number?
False
Let f(u) = -1817*u**3 + 2*u**2 - 10*u. Is f(-3) composite?
True
Suppose -2*r = -j - 4, 5*r = -5*j + 1 + 24. Let i(o) = -10*o - 1 - r + 0 + 1. Is i(-6) a prime number?
False
Let w(t) = -5160*t - 659. Is w(-14) a composite number?
True
Suppose -3*v = -6*v - 4*x + 6167, 0 = 4*v - 5*x - 8202. Is v prime?
True
Let y(p) = 24*p**2 - 4*p - 4. Let j be y(4). Let w(c) = c**3 - 36*c**2 - 80*c + 57. Let i be w(38). Let l = i + j. Is l prime?
True
Suppose 171 = 4*v - 2153. Is v prime?
False
Is -1*8/(-2) - (41 + -88808) a composite number?
False
Let j(s) = -316*s**3 + 4*s**2 - 3*s - 14. Is j(-3) a composite number?
False
Let z = -29 + 50. Suppose 7*s - 70 = -z. Let p(j) = j**3 - 5*j**2 + 6*j - 7. Is p(s) a prime number?
False
Let x be ((-16)/(-6))/(4/6). Let g = x + 3. Suppose -4*k = -3*c + 29, c - g = 3*k - k. Is c prime?
False
Let z(o) = 32*o**2 - 2*o - 3. Let j(w) = 6*w + 5. Let p be j(-1). Is z(p) composite?
False
Suppose l - 34098 + 7849 = 0. Is l a composite number?
False
Suppose -14 = 3*a + 2*r + 3*r, 0 = -2*a - r. Suppose 0 = 3*y + 3 + 6. Is 7/(y/(-12)*a) a composite number?
True
Suppose -15165 = -9*u + 35514. Is u composite?
True
Let b(r) be the third derivative of -r**6/120 + 7*r**5/60 - 7*r**4/24 - r**3/6 + 2*r**2. Let m be b(5). Suppose -t - 2*o = t - 48, m = t - o. Is t prime?
True
Let d(o) = o + 1. Let p be d(2). Suppose -10 = -2*u, -p*u + 8*u - 10 = 5*c. Suppose 3*b - t - 378 = -4*t, t - 380 = -c*b. Is b composite?
False
Let q be 807/12 - (-12)/16. Suppose 67*h = q*h - 3299. Is h a composite number?
False
Suppose 8 = x - 0*x. Suppose 2 + 0 = -h - d, -4*d - x = -5*h. Suppose 5*v + 1037 + 38 = 5*p, -5*p + 2*v + 1063 = h. Is p a prime number?
True
Let n(q) = 160*q**2 - 1. Let p be n(1). Suppose 5*b - 174 = -w, w + 3*b - b = p. Is w a composite number?
False
Let n = 9 + -14. Let v(k) = -k**3 - 4*k**2 + 4*k - 3. Let f be v(n). Suppose 0 = -f*d + 8, -3*g + 3*d = 5*d - 161. Is g prime?
False
Suppose 4*j - z = 2*j - 31, 0 = -2*j - z - 21. Let o(l) = -97*l + 16. Is o(j) a composite number?
False
Suppose 0 = 9*b - 115972 + 23785. Is b a prime number?
True
Suppose -5*w - 5*p = -4*p - 126833, -3*w + 76097 = 2*p. Is w composite?
False
Suppose -3*u - 5*k = -2*u + 25, 0 = -u - k - 33. Is 21/u - 5596/(-10) prime?
False
Let c(m) = -6 - 13*m + 10*m**2 + 0*m**3 - m**3 + 11*m. Let l = 5 + 0. Is c(l) composite?
False
Suppose -5*x = -4*x - 2*l - 268, 2*l - 788 = -3*x. Suppose 2*p = 4*j + x, -4*p = -5*j - 481 - 44. Let m = 251 - p. Is m a prime number?
False
Let n = 0 - -3. Let l be (-1)/(-3) + 5/n. Suppose l*d + 0*d - 238 = 0. Is d a prime number?
False
Let u be 4/14 - (-78)/21. Suppose -5*p + 373 = -u*h, -p = -4*h + 5*h - 80. Is p a prime number?
False
Let q(c) = -4*c**3 + 2*c**2 - 7*c - 23. Let w be q(-11). Let t = -1409 + w. Is t a composite number?
False
Let o = 7 + -6. Let g be 8 + (o - (-3 + 3)). Let k(d) = 2*d - 3. Is k(g) a prime number?
False
Suppose a + 2 = 5. Let h be 399/(-9) + (-2)/a. Let v = h + 154. Is v prime?
True
Suppose -1 = 5